ist the prime factors of 1423979.
1423979
What are the prime factors of 11885007?
3, 3961669
List the prime factors of 158267.
101, 1567
List the prime factors of 315445.
5, 13, 23, 211
What are the prime factors of 28744?
2, 3593
What are the prime factors of 667857?
3, 222619
List the prime factors of 518100.
2, 3, 5, 11, 157
What are the prime factors of 4844058?
2, 3, 199, 4057
List the prime factors of 1414449.
3, 52387
What are the prime factors of 1779648?
2, 3, 13, 23, 31
List the prime factors of 473955.
3, 5, 19, 1663
List the prime factors of 4605170.
2, 5, 53, 8689
List the prime factors of 2093651.
7, 349, 857
List the prime factors of 10290105.
3, 5, 7, 10889
List the prime factors of 294721.
7, 71, 593
What are the prime factors of 962725?
5, 97, 397
What are the prime factors of 11136796?
2, 11, 253109
List the prime factors of 81019.
81019
List the prime factors of 2416471.
43, 56197
List the prime factors of 4134520.
2, 5, 13, 7951
List the prime factors of 10442217.
3, 113, 30803
What are the prime factors of 2714704?
2, 383, 443
What are the prime factors of 441179?
441179
What are the prime factors of 8736914?
2, 131, 33347
What are the prime factors of 592793?
592793
List the prime factors of 178070.
2, 5, 17807
What are the prime factors of 694007?
41, 16927
What are the prime factors of 177634?
2, 88817
List the prime factors of 253852.
2, 63463
What are the prime factors of 8587429?
83, 157, 659
List the prime factors of 734422.
2, 13, 47, 601
What are the prime factors of 2297410?
2, 5, 31, 7411
What are the prime factors of 2282482?
2, 1141241
What are the prime factors of 10883415?
3, 5, 337, 2153
What are the prime factors of 244833?
3, 81611
What are the prime factors of 23308?
2, 5827
What are the prime factors of 451049?
227, 1987
What are the prime factors of 2054056?
2, 256757
What are the prime factors of 7444939?
23, 89, 3637
What are the prime factors of 4391014?
2, 19, 115553
What are the prime factors of 171640?
2, 5, 7, 613
List the prime factors of 923997.
3, 67, 4597
What are the prime factors of 547613?
11, 49783
What are the prime factors of 169173?
3, 18797
What are the prime factors of 10839980?
2, 5, 541999
What are the prime factors of 2383396?
2, 113, 5273
List the prime factors of 22966120.
2, 5, 113, 5081
What are the prime factors of 8904840?
2, 3, 5, 7, 10601
What are the prime factors of 7363335?
3, 5, 7, 23, 3049
List the prime factors of 26139.
3, 8713
What are the prime factors of 2178419?
2178419
What are the prime factors of 2048212?
2, 29, 17657
List the prime factors of 7955518.
2, 37, 107507
List the prime factors of 816818.
2, 149, 2741
What are the prime factors of 1737192?
2, 3, 72383
List the prime factors of 28855.
5, 29, 199
List the prime factors of 12873019.
12873019
List the prime factors of 58804.
2, 61, 241
What are the prime factors of 22249075?
5, 889963
List the prime factors of 5124588.
2, 3, 7, 61007
What are the prime factors of 318682?
2, 7, 13, 17, 103
What are the prime factors of 22702330?
2, 5, 7, 324319
What are the prime factors of 4670374?
2, 2335187
List the prime factors of 1866132.
2, 3, 37, 467
List the prime factors of 1682149.
7, 59, 4073
What are the prime factors of 4171804?
2, 7, 13, 73, 157
What are the prime factors of 1914510?
2, 3, 5, 13, 4909
What are the prime factors of 11626069?
7, 13, 251, 509
List the prime factors of 948385.
5, 19, 67, 149
What are the prime factors of 181232?
2, 47, 241
List the prime factors of 113117.
113117
List the prime factors of 1336701.
3, 445567
What are the prime factors of 4785799?
4785799
List the prime factors of 12738598.
2, 29, 47, 4673
List the prime factors of 19464228.
2, 3, 7, 77239
List the prime factors of 9660886.
2, 29, 166567
List the prime factors of 1253188.
2, 313297
What are the prime factors of 3902076?
2, 3, 107, 1013
What are the prime factors of 603365?
5, 7, 17239
List the prime factors of 545268.
2, 3, 45439
List the prime factors of 263901.
3, 11, 727
What are the prime factors of 64148?
2, 7, 29, 79
List the prime factors of 237111.
3, 7, 1613
List the prime factors of 30866337.
3, 3429593
List the prime factors of 390147.
3, 47, 2767
What are the prime factors of 1010593?
283, 3571
What are the prime factors of 1653098?
2, 826549
List the prime factors of 1066598.
2, 13, 41023
What are the prime factors of 12536879?
12536879
What are the prime factors of 2069085?
3, 5, 271, 509
What are the prime factors of 4906782?
2, 3, 101, 2699
What are the prime factors of 5166758?
2, 53, 79, 617
What are the prime factors of 919593?
3, 11353
List the prime factors of 1038150.
2, 3, 5, 769
What are the prime factors of 15060688?
2, 173, 5441
What are the prime factors of 183349?
183349
List the prime factors of 80650.
2, 5, 1613
What are the prime factors of 7209176?
2, 13, 103, 673
List the prime factors of 13871226.
2, 3, 37, 62483
List the prime factors of 518426.
2, 259213
List the prime factors of 121674.
2, 3, 7, 2897
What are the prime factors of 119775?
3, 5, 1597
What are the prime factors of 5090923?
5090923
List the prime factors of 388488.
2, 3, 16187
What are the prime factors of 3151037?
1553, 2029
List the prime factors of 879738.
2, 3, 19, 7717
List the prime factors of 6096860.
2, 5, 7, 11, 37, 107
List the prime factors of 1784265.
3, 5, 7, 16993
What are the prime factors of 79672?
2, 23, 433
What are the prime factors of 7970091?
3, 1009, 2633
List the prime factors of 32907687.
3, 23, 79, 6037
List the prime factors of 333350.
2, 5, 59, 113
List the prime factors of 369484.
2, 71, 1301
What are the prime factors of 504833?
7, 41, 1759
List the prime factors of 31599.
3, 3511
List the prime factors of 3282796.
2, 11, 74609
List the prime factors of 20967053.
23, 587, 1553
List the prime factors of 254391.
3, 19, 4463
What are the prime factors of 25061782?
2, 12530891
What are the prime factors of 103540?
2, 5, 31, 167
What are the prime factors of 3428889?
3, 397, 2879
List the prime factors of 19069745.
5, 3813949
What are the prime factors of 49665?
3, 5, 7, 11, 43
What are the prime factors of 233794?
2, 11, 10627
What are the prime factors of 20355005?
5, 11, 370091
What are the prime factors of 3011107?
11, 331, 827
What are the prime factors of 768543?
3, 256181
List the prime factors of 221667.
3, 37, 1997
What are the prime factors of 111749?
11, 10159
List the prime factors of 1137616.
2, 97, 733
What are the prime factors of 410837?
7, 19, 3089
What are the prime factors of 1533425?
5, 83, 739
What are the prime factors of 1398089?
7, 11, 67, 271
What are the prime factors of 4569077?
53, 86209
List the prime factors of 2262511.
449, 5039
What are the prime factors of 4752655?
5, 950531
What are the prime factors of 644290?
2, 5, 19, 3391
What are the prime factors of 157448?
2, 19681
List the prime factors of 707743.
173, 4091
List the prime factors of 684036.
2, 3, 19001
What are the prime factors of 25917180?
2, 3, 5, 17, 25409
What are the prime factors of 3121070?
2, 5, 312107
What are the prime factors of 151504?
2, 17, 557
List the prime factors of 187957.
7, 11, 2441
What are the prime factors of 476887?
476887
List the prime factors of 891696.
2, 3, 13, 1429
What are the prime factors of 849529?
167, 5087
What are the prime factors of 1624144?
2, 83, 1223
What are the prime factors of 13920?
2, 3, 5, 29
What are the prime factors of 23069318?
2, 1487, 7757
What are the prime factors of 222311?
222311
What are the prime factors of 123235?
5, 7, 503
List the prime factors of 11488817.
31, 487, 761
List the prime factors of 29407183.
13, 174007
What are the prime factors of 100801?
100801
List the prime factors of 26795809.
26795809
What are the prime factors of 12176407?
23, 631, 839
What are the prime factors of 10878644?
2, 7, 31, 83, 151
List the prime factors of 275219.
7, 39317
What are the prime factors of 19330214?
2, 9665107
What are the prime factors of 293353?
31, 9463
List the prime factors of 4675061.
29, 37, 4357
What are the prime factors of 1234340?
2, 5, 61717
List the prime factors of 1256728.
2, 11, 14281
List the prime factors of 602358.
2, 3, 100393
What are the prime factors of 2182143?
3, 41, 113, 157
List the prime factors of 15494